1).
-15
Calculate 3 + -1 + -4 + 1 - (-177 + 171).
5
-40 - -44 - -35 - 37
2
Calculate -7 + -1 + 3 + 10 + 1 + -5.
1
Calculate (-29 + 34 - (-2 + 1 - 0)) + -11.
-5
Evaluate (0 + 4 - ((-15 - 1) + 20)) + 6.
6
What is -2 - (34 - 41) - ((-1 - -2) + 3)?
1
Evaluate (-8 - (-13 + 1 + 8)) + 4.
0
Calculate -3 - 1 - (-2 - (-8 + (-4 - -11))).
-3
-6 + 55 + -14 - (10 - 2)
27
-5 + 3 - (-1 - (-2 + 17 + -3))
11
22 + -9 - (0 + 0) - -6
19
What is the value of -8 + (4 + -32 - (8 + -27))?
-17
Evaluate (-30 - 2) + (9 - -6) + -3.
-20
Calculate 7 - (-2 + -4 + 11).
2
Calculate -21 + (-8 + 15 - (-5 - (3 + -7))).
-13
(-9 + 4 - -9) + 16 + -10
10
What is 0 + (-1 - (4 + 1)) + -3 + 2?
-7
Evaluate (0 - 2) + 32 + -30 + -2 + -2.
-4
Calculate -2 + 1 + 6 + (72 - 87) - 10.
-20
Calculate 17 - (-13 + 42) - -15.
3
Calculate -31 + (19 - 4) - -33.
17
What is 3 + (-15 - ((-6 - (-5 - -4)) + 4))?
-11
Calculate 17 + -31 - 1 - -1.
-14
Calculate 3 + -2 + 0 - -4 - (2 - -7).
-4
Calculate (0 - -6 - (-60 + 62)) + 11.
15
What is the value of 7 + 9 + -6 - (1 - (9 - 3))?
15
Evaluate 20 + (17 - 20) + -8.
9
Calculate (66 - 76) + (17 - -2) + -1 + -1.
7
What is the value of (-40 + 0 - 0) + (-62 - (-27 + -42))?
-33
What is -2 + -14 + (-440 - -464)?
8
Evaluate (1 - 1) + -84 + 84.
0
What is (-1 - 3) + -1 + (6 - 3 - -1)?
-1
Evaluate -10 - (-40 + 17 - -17).
-4
What is (-198 - -181) + -1 + 21?
3
What is 7 + (26 - 32 - (-12 - -1))?
12
Evaluate (-1 - -25) + (-23 - (-58 - -47)).
12
What is -18 + 16 + -21 + -5 - (-1 - 1)?
-26
What is the value of 7 + -10 + (34 - 27)?
4
-2 - (3 - 1) - (-165 + 165)
-4
What is (-122 - -139) + -1 + -19 + -1?
-4
Evaluate (11 - (1 + -7 - -30)) + -3.
-16
What is 2 + -5 + 1 - (-34 - -39)?
-7
Evaluate (-3 - -1) + -4 + (-2 - -14).
6
What is the value of 0 + -10 + 6 + (3 - 1)?
-2
What is the value of -5 + 28 + -7 + 0?
16
Evaluate (-5 - 2) + (1 - -19 - -6).
19
What is the value of 25 + -12 + (0 - -9) + 5?
27
6 - 1 - -3 - (8 + (3 - 0))
-3
Evaluate -2 + 18 - (51 + -25).
-10
Calculate 2 + -10 - (-44 - -32).
4
What is (-45 - -27) + 1 + 16?
-1
Evaluate 2 + 4 + (-141 - -161).
26
What is -23 + 28 - (-2 + 0) - 3 - 0?
4
Calculate (6 - -1) + 27 + -21 + -29.
-16
Calculate (-6 - -4) + -10 + 20.
8
-1 + -9 + (1 - -15)
6
Calculate 5 + 4 + -7 + 1 + 0.
3
What is the value of (-5 - -5) + 11 + -8?
3
Calculate 7 - (-5 + -2 + 3 + 5) - -3.
9
What is (-26 - -13) + 0 + -5 + 6?
-12
What is the value of -5 + 0 - (-19 - (-36 - -19))?
-3
Calculate -49 + (-8 + 31 + -9 - -3).
-32
What is the value of 2 - ((58 - 60) + 11 + 0)?
-7
What is the value of (29 - 49 - -27) + (-2 - (12 - 2))?
-5
Calculate -4 + -2 + -10 + 4 + -5.
-17
What is (28 - 40) + (1 + 1 - 0)?
-10
Calculate (-5 - -1) + (27 - 45) + 18.
-4
Evaluate 116 + -110 - (1 + 0).
5
2 + -1 + -10 - (-1597 - -1562)
26
Evaluate 5 + -11 + 9 + -1.
2
Calculate 0 + -1 + 187 + -192.
-6
Evaluate 4 + -3 - (-26 + 29).
-2
Evaluate 18 + -39 - -30 - 30.
-21
Calculate (-5 - -2) + (-18 - (4 - (17 - 9))).
-17
Evaluate -32 + (11 - (10 - 54)).
23
What is (-17 + 3 - (-6 + 3)) + 1?
-10
Calculate (0 - 15) + 1 + 200 + -199.
-13
0 - ((3 - -3) + 13 + -9)
-10
Calculate 1 + 13 - (-351 + 369).
-4
What is the value of 50 + (-12 - 26) + (-50 - (0 - -3))?
-41
-3 - (5 - ((-1 - -5) + 7))
3
What is 33 - 46 - (-29 + -1) - 3?
14
What is the value of 2 - (-5 - (1 - -3) - -2) - 2?
7
Evaluate -17 + -5 + (-3 - -20).
-5
Calculate 32 + (-172 + 170 - (6 - 1)).
25
9 + (19 - -7) + -19 + -5 + -1
10
Evaluate (-13 - -4) + (27 - 0).
18
What is 6 - (-9 - (-3 - 17)) - (1 - 16)?
10
What is the value of (-3 + (-4 - -8) + -2 - 7) + -7?
-15
What is (37 + -45 - -20) + -15 + -3?
-6
Evaluate 4 - (-2 + (-6 - (-9 + 6)) + 7).
2
What is -4 - (17 + -12 + 6)?
-15
What is the value of 17 + 14 + -14 - (-2 + 18)?
1
What is the value of 5 + -1 + -2 - (10 + (-4 - -7))?
-11
What is the value of -7 + -1 - (-59 + 7 - -40)?
4
What is the value of -11 - (14 - 28 - -6)?
-3
Evaluate (-19 - (11 - 25)) + 24.
19
Calculate -117 - -41 - (-48 - 0).
-28
27 - 1 - (-293 + 310)
9
Evaluate 0 - 22 - (56 - (-50 + 106)).
-22
What is the value of 7 - (8 - (34 - 17) - (0 + -2))?
14
What is 7 + (-19 - -3) + 16 - -13?
20
Calculate (13 - 23 - -47 - 24) + -10 + 0.
3
What is -30 - -53 - (4 + 9)?
10
What is -27 - (13 - (5 - -35 - 18))?
-18
-16 + -2 - (16 + (-9 + -17 - -5))
-13
What is the value of 13 - 27 - (-11 + 1 + 3)?
-7
What is 27 - (4 + 6 - (13 + -15 + 7))?
22
-9 - -17 - -7 - 6
9
What is (-8 - 15) + 19 + 0 + 1?
-3
Evaluate 2 + -6 + 0 + -16 + 44.
24
What is 4 + -1 - (5 - (-2 - -11) - -13)?
-6
What is the value of 7 - (3 + -9 + 2)?
11
What is 8 - (-10 - (11 + -29))?
0
What is the value of 10 - (3 + (-4 - 2) + (-2 - -5))?
10
What is the value of 0 - 2 - (5 + 4 + 4)?
-15
Evaluate -25 + (442 - 454 - (-31 - -1)).
-7
Calculate 9 + (23 - (-10 - -28)).
14
Calculate -4 - 15 - (2 - 35).
14
Evaluate (-28 - -1) + (491 - 474).
-10
What is the value of -22 - (-23 + 7) - (-13 + 26)?
-19
Calculate 1 + -14 - (70 + -84).
1
10 - (-15 + 15 - -18 - -12)
-20
Evaluate 48 + (-28 - -20) + -6 + -5.
29
Calculate 25 + -17 - (5 + 4).
-1
Calculate 22 + -7 - (117 - 104).
2
20 + -56 + (-24 - -44)
-16
Evaluate (-8 - (6 + -23)) + -9 + -2.
-2
Evaluate -294 + 293 + (-6 - -8 - (-1 - 11)).
13
What is the value of 7 + (-7 - -1) + (-7 - -4) + -2?
-4
What is the value of (-2 + -1 - 1) + 0 + 0?
-4
0 - (9 - -2 - (-24 + (4 - -32)))
1
-1 - 17 - (-7 + -3)
-8
Calculate -15 - (3 + 19 + -41).
4
What is -21 + 34 + -7 + -7?
-1
0 + -3 + 7 + 0 - (-3 - 5)
12
What is the value of (4 + -25 - -32) + -19?
-8
-11 + (12 - (-8 - (-16 - 3)))
-10
What is the value of 1045 - 1042 - (-15 + 0)?
18
What is the value of -2 - (-23 + 12) - (-1 + -2 + -1)?
13
Evaluate -13 + 18 + 10 + -7.
8
1 + -13 + 1 + 1 + 9352 + -9362
-20
What is the value of 506 + -481 + 0 + -6?
19
What is -66 + 64 + (1 + 7 - -2)?
8
What is (-2 - 1) + -2 + 0 + (-213 - -230)?
12
What is -14 + (-10 + 4 - 6) + 15?
-11
Calculate (-28 - -9 - -17) + 16.
14
Calculate 12 + -7 + 15 + 1 + 10.
31
Evaluate (12 - 1) + (-2 - (7 + 3 + -13)).
12
Evaluate 48 + 20 + -44 - (-4 - (-5 + -11)).
12
What is the value of 1 - 18 - (-224 - -228) - (-4 - 0)?
-17
What is the value of (-10 - (-9 - (2 - 5))) + -1 + 4?
-1
What is the value of (-1 - (5 + -11)) + -14 + 2 + 10?
3
Evaluate 3 + -7 - (-14 + 0 + 9).
1
What is -6 - (-42 + 32 + 15)?
-11
What is 46 + -20 + (9 + 2 - 2)?
35
What is the value of (2 - -15) + (44 - 64)?
-3
What is the value of -6 - (-4 - (-8 + 9 - 11))?
-12
Evaluate -24 - (9 + -15) - -14 - (8 + -1).
-11
What is the value of -21 + 25 + -11 + 32?
25
Evaluate 2 - (-8 - -8) - (5 - (-6 + 3)).
-6
What is the value of (-16 - -25) + -15 - (2 - 4 - 11)?
7
(-14 - -5) + -1 + (-1 - -8)
-3
Calculate (-3 + 0 - (4 + (5 - 9))) + 3.
0
What is -27 + 19 + -4 + 16?
4
Calculate 4 - (8 - (9 + (-1 - 3))).
1
What is -4 - -2 - (-1 - -2) - (73 - 78)?
2
-3 - (-7 + (-21 - -7))
18
-1 - (6 - 3) - 5
-9
What is the value of -4 - (-60 + 24 + 27)?
5
-16 - 2 - (1037 + -1049)
-6
Evaluate (-10 - (-2 - (-2 - 0))) + 1583 + -1604.
-31
Calculate 72 + -50 + (-29 - -5).
-2
What is -1815 - -1781 - (-32 - 1)?
-1
What is the value of 0 + 21 + -45 - 1?
-25
What is (10 + 13 + -42 - -12) + (5 - 3)?
-5
Calculate (3 + 18 - 15) + -6.
0
Calculate -18 + 3 - (-433 - -429).
-11
What is -10 + -18 + 23 - -22?
17
Evaluate 17 - (-3 + 28) - -1.
-7
Evaluate 1 + -3 + (16 - (0 + 0)).
14
Calculate -1 - (1 - 10) - (21 + (4 - 19)).
2
Evaluate (7 - -3) + 5 + -10.
5
Evaluate 6 + 6 + -33 + 14 + 4.
-3
What is 11 - 17 - (-21 + 11)?
4
What is -15 + (-30 - -41 - 19) + (-1 - -16)?
-8
Evaluate -5 + 0 + 9 + -13 + (1 - -21).
13
Calculate -7 + (8 - (6 - 13 - -25)) - 10.
-27
What is 1 - (21 - 27) - -16?
23
Calculate (1 - 1 - 4) + (-2 - -5 - 2).
-3
Evaluate (0 - (-5 - -4)) + (2 - (-2 - -18)).
-13
-5 + -1 + 0 - (-45 + 36)
3
Calculate -6 + -3 + (-14 - -13).
-10
What is the value of -2061 + 2043 - ((-5 - 1) + (-1 - -1))?
-12
Evaluate -10 + (0 + 12 - -6).
8
What is -14 + (-15 - (-6 - -1) - -23)?
-1
What is the value of 4 - (-11 - -4 - ((-5 - 4) + 9))?
11
Evaluate (9 - 26) + -35 + 37.
-15
Evaluate 18 + (-27 + 5 - -10) + 0.
6
What is (-18 - 3) + -180 + 220?
19
Calculate (4 + 4 - 22 - 15) + 6.
-23
What is the value of 27 + -10 - (26 - -19 - 8)?
-20
What is the value of -3 + 5 + -5 + 1?
-2
Evaluate 14 - (1 + 10 + -1).
4
What is 1 + -4 + 3 - (-20 + 22)?
-2
(10